{"id":3398,"date":"2023-11-22T15:52:39","date_gmt":"2023-11-22T14:52:39","guid":{"rendered":"https:\/\/zse-2.krakow.pl\/?page_id=3398"},"modified":"2025-09-08T16:00:24","modified_gmt":"2025-09-08T14:00:24","slug":"gabinet-lekarski","status":"publish","type":"page","link":"https:\/\/zse-2.krakow.pl\/index.php\/gabinet-lekarski\/","title":{"rendered":"Gabinet profilaktyki zdrowotnej i pomocy przedlekarskiej"},"content":{"rendered":"<p style=\"text-align: left;\"><img loading=\"lazy\" decoding=\"async\" class=\"aligncenter wp-image-3399 size-large\" src=\"https:\/\/zse-2.krakow.pl\/wp-content\/uploads\/2023\/11\/nurse-2536963_1280-1024x545.jpg\" alt=\"\" width=\"1024\" height=\"545\" srcset=\"https:\/\/zse-2.krakow.pl\/wp-content\/uploads\/2023\/11\/nurse-2536963_1280-1024x545.jpg 1024w, https:\/\/zse-2.krakow.pl\/wp-content\/uploads\/2023\/11\/nurse-2536963_1280-300x160.jpg 300w, https:\/\/zse-2.krakow.pl\/wp-content\/uploads\/2023\/11\/nurse-2536963_1280-768x409.jpg 768w, https:\/\/zse-2.krakow.pl\/wp-content\/uploads\/2023\/11\/nurse-2536963_1280.jpg 1280w\" sizes=\"auto, (max-width: 1024px) 100vw, 1024px\" \/>Piel\u0119gniarki &#8211; mgr Gra\u017cyna Jak\u00f3bczyk i lic. Anna Chrzan<\/p>\n<p style=\"text-align: left;\">Godziny pracy gabinetu profilaktyki zdrowotnej i pomocy przedlekarskiej w naszej szkole:<\/p>\n\n<table id=\"tablepress-8\" class=\"tablepress tablepress-id-8\">\n<tbody class=\"row-striping row-hover\">\n<tr class=\"row-1\">\n\t<td class=\"column-1\">Poniedzia\u0142ek<\/td><td class=\"column-2\">9:00 - 16:00<\/td>\n<\/tr>\n<tr class=\"row-2\">\n\t<td class=\"column-1\">Wtorek<\/td><td class=\"column-2\">9:00 - 16:00<\/td>\n<\/tr>\n<tr class=\"row-3\">\n\t<td class=\"column-1\">\u015aroda<\/td><td class=\"column-2\">9:00 - 16:00<\/td>\n<\/tr>\n<tr class=\"row-4\">\n\t<td class=\"column-1\">Czwartek<\/td><td class=\"column-2\">9:00 - 16:00<\/td>\n<\/tr>\n<tr class=\"row-5\">\n\t<td class=\"column-1\">Pi\u0105tek<\/td><td class=\"column-2\">9:00 - 16:00<\/td>\n<\/tr>\n<\/tbody>\n<\/table>\n<!-- #tablepress-8 from cache -->\n","protected":false},"excerpt":{"rendered":"<p>Piel\u0119gniarki &#8211; mgr Gra\u017cyna Jak\u00f3bczyk i lic. Anna Chrzan Godziny pracy gabinetu profilaktyki zdrowotnej i pomocy przedlekarskiej w naszej szkole:<\/p>\n","protected":false},"author":1,"featured_media":0,"parent":0,"menu_order":0,"comment_status":"closed","ping_status":"closed","template":"","meta":{"footnotes":""},"class_list":["post-3398","page","type-page","status-publish","hentry"],"_links":{"self":[{"href":"https:\/\/zse-2.krakow.pl\/index.php\/wp-json\/wp\/v2\/pages\/3398","targetHints":{"allow":["GET"]}}],"collection":[{"href":"https:\/\/zse-2.krakow.pl\/index.php\/wp-json\/wp\/v2\/pages"}],"about":[{"href":"https:\/\/zse-2.krakow.pl\/index.php\/wp-json\/wp\/v2\/types\/page"}],"author":[{"embeddable":true,"href":"https:\/\/zse-2.krakow.pl\/index.php\/wp-json\/wp\/v2\/users\/1"}],"replies":[{"embeddable":true,"href":"https:\/\/zse-2.krakow.pl\/index.php\/wp-json\/wp\/v2\/comments?post=3398"}],"version-history":[{"count":10,"href":"https:\/\/zse-2.krakow.pl\/index.php\/wp-json\/wp\/v2\/pages\/3398\/revisions"}],"predecessor-version":[{"id":5906,"href":"https:\/\/zse-2.krakow.pl\/index.php\/wp-json\/wp\/v2\/pages\/3398\/revisions\/5906"}],"wp:attachment":[{"href":"https:\/\/zse-2.krakow.pl\/index.php\/wp-json\/wp\/v2\/media?parent=3398"}],"curies":[{"name":"wp","href":"https:\/\/api.w.org\/{rel}","templated":true}]}}