{"id":434,"date":"2022-03-17T10:00:11","date_gmt":"2022-03-17T09:00:11","guid":{"rendered":"https:\/\/2022.zse-2.krakow.pl\/?page_id=434"},"modified":"2022-10-24T10:02:50","modified_gmt":"2022-10-24T08:02:50","slug":"technik-ekonomista","status":"publish","type":"page","link":"https:\/\/zse-2.krakow.pl\/index.php\/technik-ekonomista\/","title":{"rendered":"Technik ekonomista"},"content":{"rendered":"<p><!--\n<a name=\"ekonomista\"><span style=\"display: inline-block; width: 0px; overflow: hidden; line-height: 0;\" data-mce-type=\"bookmark\" class=\"mce_SELRES_start\"><\/span><\/a>\n<center><span style=\"color: #41ae79; font-size: x-large;\"><b>Technik ekonomista<\/b><\/span><\/center>&nbsp;\n--><\/p>\n<p><center><iframe loading=\"lazy\" src=\"https:\/\/www.youtube.com\/embed\/qgzVNmUyaUI\" width=\"800\" height=\"450\" frameborder=\"0\" allowfullscreen=\"allowfullscreen\"><span style=\"display: inline-block; width: 0px; overflow: hidden; line-height: 0;\" data-mce-type=\"bookmark\" class=\"mce_SELRES_start\">\ufeff<\/span><\/iframe><\/center><\/p>\n<p style=\"text-align: left;\">Technik ekonomista organizuje prac\u0119 biura firmy, oblicza wska\u017aniki niezb\u0119dne do okre\u015blenia sytuacji ekonomiczno-finansowej firmy, prowadzi uproszczon\u0105 ksi\u0119gowo\u015b\u0107 oraz dokumentacj\u0119 kadrow\u0105. Absolwent technikum w zawodzie technik ekonomista mo\u017ce podejmowa\u0107 prac\u0119 jako ksi\u0119gowy w firmach prowadz\u0105cych uproszczon\u0105 ewidencj\u0119, pracownik dzia\u0142u kadr i p\u0142ac, pracownik sekretariatu, specjalista do spraw marketingu lub zosta\u0107 przedsi\u0119biorc\u0105.<br \/>\nW trakcie nauki uczniowie zdobywaj\u0105 kwalifikacje zawodowe udokumentowane certyfikatami:<\/p>\n<ul style=\"text-align: left;\">\n<li>EKA.04. Prowadzenie dokumentacji w jednostce organizacyjnej<\/li>\n<li>EKA.05. Prowadzenie spraw kadrowo-p\u0142acowych i gospodarki finansowej jednostek organizacyjnych<\/li>\n<\/ul>\n<p style=\"text-align: left;\">a po uko\u0144czeniu szko\u0142y dyplom zawodowy technika ekonomisty.<br \/>\nAbsolwenci naszej szko\u0142y po zdobyciu \u015bwiadectwa maturalnego s\u0105 przygotowani do podj\u0119cia studi\u00f3w na uczelniach wy\u017cszych.<\/p>\n<p style=\"color: #41ae79; font-weight: bold; text-align: center;\">Wybierz zaw\u00f3d, kt\u00f3ry pozwoli Ci jednocze\u015bnie na rozwijanie Twoich<br \/>\nzainteresowa\u0144 oraz znalezienie wymarzonej i dobrze p\u0142atnej pracy.<\/p>\n","protected":false},"excerpt":{"rendered":"<p>\ufeff Technik ekonomista organizuje prac\u0119 biura firmy, oblicza wska\u017aniki niezb\u0119dne do okre\u015blenia sytuacji ekonomiczno-finansowej firmy, prowadzi uproszczon\u0105 ksi\u0119gowo\u015b\u0107 oraz dokumentacj\u0119 kadrow\u0105. Absolwent technikum w zawodzie technik ekonomista mo\u017ce podejmowa\u0107 prac\u0119 jako ksi\u0119gowy w firmach prowadz\u0105cych uproszczon\u0105 ewidencj\u0119, pracownik dzia\u0142u kadr i p\u0142ac, pracownik sekretariatu, specjalista do spraw marketingu lub zosta\u0107 przedsi\u0119biorc\u0105. W trakcie nauki uczniowie&hellip; <br \/> <a class=\"read-more\" href=\"https:\/\/zse-2.krakow.pl\/index.php\/technik-ekonomista\/\">Dowiedz si\u0119 wi\u0119cej<\/a><\/p>\n","protected":false},"author":1,"featured_media":1740,"parent":0,"menu_order":0,"comment_status":"closed","ping_status":"closed","template":"","meta":{"footnotes":""},"class_list":["post-434","page","type-page","status-publish","has-post-thumbnail","hentry"],"_links":{"self":[{"href":"https:\/\/zse-2.krakow.pl\/index.php\/wp-json\/wp\/v2\/pages\/434","targetHints":{"allow":["GET"]}}],"collection":[{"href":"https:\/\/zse-2.krakow.pl\/index.php\/wp-json\/wp\/v2\/pages"}],"about":[{"href":"https:\/\/zse-2.krakow.pl\/index.php\/wp-json\/wp\/v2\/types\/page"}],"author":[{"embeddable":true,"href":"https:\/\/zse-2.krakow.pl\/index.php\/wp-json\/wp\/v2\/users\/1"}],"replies":[{"embeddable":true,"href":"https:\/\/zse-2.krakow.pl\/index.php\/wp-json\/wp\/v2\/comments?post=434"}],"version-history":[{"count":5,"href":"https:\/\/zse-2.krakow.pl\/index.php\/wp-json\/wp\/v2\/pages\/434\/revisions"}],"predecessor-version":[{"id":1741,"href":"https:\/\/zse-2.krakow.pl\/index.php\/wp-json\/wp\/v2\/pages\/434\/revisions\/1741"}],"wp:featuredmedia":[{"embeddable":true,"href":"https:\/\/zse-2.krakow.pl\/index.php\/wp-json\/wp\/v2\/media\/1740"}],"wp:attachment":[{"href":"https:\/\/zse-2.krakow.pl\/index.php\/wp-json\/wp\/v2\/media?parent=434"}],"curies":[{"name":"wp","href":"https:\/\/api.w.org\/{rel}","templated":true}]}}