{"id":6826,"date":"2026-03-13T14:59:06","date_gmt":"2026-03-13T13:59:06","guid":{"rendered":"https:\/\/zse-2.krakow.pl\/?page_id=6826"},"modified":"2026-03-19T16:35:27","modified_gmt":"2026-03-19T15:35:27","slug":"polityka-bezpieczenstwa","status":"publish","type":"page","link":"https:\/\/zse-2.krakow.pl\/index.php\/polityka-bezpieczenstwa\/","title":{"rendered":"Polityka bezpiecze\u0144stwa"},"content":{"rendered":"<p style=\"text-align: left;\"><strong>INFORMACJA ADMINISTRATORA O PRZETWARZANIU DANYCH OSOBOWYCH<\/strong><\/p>\n<p style=\"text-align: left;\"><strong>Administratorem Twoich danych osobowych jest Zesp\u00f3\u0142 Szk\u00f3\u0142 Ekonomicznych Nr 2, os. Sp\u00f3\u0142dzielcze 6, 31-943 Krak\u00f3w, tel. (12)643-77-88, e-mail:\u00a0<\/strong><a href=\"mailto:zsek2@mjo.krakow.pl\"><strong>zsek2@mjo.krakow.pl<\/strong><\/a><\/p>\n<p style=\"text-align: left;\">Twoje dane osobowe b\u0119d\u0105 przetwarzane przez nas w celu realizacji us\u0142ug \u015bwiadczonych przez nasz\u0105 plac\u00f3wk\u0119 ZSE Nr2 w Krakowie. <u>Informujemy, \u017ce:<\/u><\/p>\n<ol style=\"text-align: left;\">\n<li>Masz prawo do \u017c\u0105dania od administratora dost\u0119pu do Twoich danych osobowych, ich sprostowania, ograniczenia przetwarzania oraz\u00a0prawo do przenoszenia danych. Je\u017celi przetwarzanie danych odbywa si\u0119 wy\u0142\u0105cznie na podstawie Twojej zgody to masz prawo w dowolnym momencie wycofa\u0107 udzielon\u0105 zgod\u0119, przy czym jej wycofanie nie wp\u0142ywa na zgodno\u015b\u0107 z prawem przetwarzania, kt\u00f3rego dokonano na podstawie tej\u017ce zgody przed jej wycofaniem<\/li>\n<li>Dane osobowe b\u0119d\u0105 przechowywane przez okres wynikaj\u0105cy z przepis\u00f3w prawa, w szczeg\u00f3lno\u015bci ustawy z dnia 14 lipca 1983 r. o narodowym zasobie archiwalnym i archiwach oraz rozporz\u0105dzenia Prezesa Rady Ministr\u00f3w z dnia 18 stycznia 2011 r. w sprawie instrukcji kancelaryjnej, jednolitych rzeczowych wykaz\u00f3w akt oraz instrukcji w sprawie organizacji\u00a0\u00a0i zakresu dzia\u0142ania archiw\u00f3w zak\u0142adowych. W przypadku gdy przepisy prawa nie okre\u015blaj\u0105 okresu przechowywania dotycz\u0105cego konkretnej kategorii spraw \u2013 dane b\u0119d\u0105 przechowane przez czas potrzebny do realizacji celu, w kt\u00f3rym zosta\u0142y zebrane.<\/li>\n<li>Masz prawo do wniesienia skargi do organu nadzorczego, kt\u00f3rym jest Prezes Urz\u0119du Ochrony Danych Osobowych z siedzib\u0105 w Warszawie.<\/li>\n<li>Podanie danych osobowych wymaganych przepisami prawa jest warunkiem realizacji us\u0142ug \u015bwiadczonych przez nasz\u0105 jednostk\u0119.<\/li>\n<li>Konsekwencj\u0105 niepodania danych wymaganych przepisami prawa jest brak mo\u017cliwo\u015bci \u015bwiadczenia przez nas\u00a0us\u0142ug.<\/li>\n<li>Twoje dane osobowe b\u0119d\u0105 przetwarzane na podstawie przepis\u00f3w prawa, a w szczeg\u00f3lnych przypadkach \u2013 na podstawie Twojej zgody albo w zwi\u0105zku z wykonywaniem umowy, kt\u00f3rej jeste\u015b stron\u0105, w zwi\u0105zku z art.6 ust. 1 rozporz\u0105dzenia Parlamentu Europejskiego i Rady (UE) 2016\/679 z dnia 27 kwietnia 2016 r. w sprawie ochrony os\u00f3b fizycznych w zwi\u0105zku z przetwarzaniem danych osobowych i w sprawie swobodnego przep\u0142ywu takich danych oraz uchylenia dyrektywy 95\/46\/WE (RODO).<\/li>\n<\/ol>\n<p style=\"text-align: left;\"><strong>Dane kontaktowe Inspektora Ochrony Danych: Anna Borowczak, email:\u00a0<\/strong><a href=\"mailto:inspektor4@mjo.krakow.pl\"><strong>inspektor4@mjo.krakow.pl<\/strong><\/a><\/p>\n<p style=\"text-align: left;\">Niniejsza informacja ma charakter og\u00f3lny. Szczeg\u00f3\u0142owa informacja dotycz\u0105ca przetwarzania danych osobowych oraz przys\u0142uguj\u0105cych w zwi\u0105zku z tym praw, stanowi\u0105ca realizacj\u0119 obowi\u0105zku informacyjnego administratora, o kt\u00f3rym mowa w art. 13 ust. 1 i\u00a02 RODO, zostanie Pa\u0144stwu przekazana ka\u017cdorazowo w zwi\u0105zku z za\u0142atwieniem konkretnej sprawy.<\/p>\n<p><img loading=\"lazy\" decoding=\"async\" class=\"aligncenter wp-image-6834 size-full\" src=\"https:\/\/zse-2.krakow.pl\/wp-content\/uploads\/2026\/03\/tbit-security-1202344_1280a.jpg\" alt=\"\" width=\"1280\" height=\"425\" srcset=\"https:\/\/zse-2.krakow.pl\/wp-content\/uploads\/2026\/03\/tbit-security-1202344_1280a.jpg 1280w, https:\/\/zse-2.krakow.pl\/wp-content\/uploads\/2026\/03\/tbit-security-1202344_1280a-300x100.jpg 300w, https:\/\/zse-2.krakow.pl\/wp-content\/uploads\/2026\/03\/tbit-security-1202344_1280a-1024x340.jpg 1024w, https:\/\/zse-2.krakow.pl\/wp-content\/uploads\/2026\/03\/tbit-security-1202344_1280a-768x255.jpg 768w\" sizes=\"auto, (max-width: 1280px) 100vw, 1280px\" \/><\/p>\n<p>&nbsp;<\/p>\n","protected":false},"excerpt":{"rendered":"<p>INFORMACJA ADMINISTRATORA O PRZETWARZANIU DANYCH OSOBOWYCH Administratorem Twoich danych osobowych jest Zesp\u00f3\u0142 Szk\u00f3\u0142 Ekonomicznych Nr 2, os. Sp\u00f3\u0142dzielcze 6, 31-943 Krak\u00f3w, tel. (12)643-77-88, e-mail:\u00a0zsek2@mjo.krakow.pl Twoje dane osobowe b\u0119d\u0105 przetwarzane przez nas w celu realizacji us\u0142ug \u015bwiadczonych przez nasz\u0105 plac\u00f3wk\u0119 ZSE Nr2 w Krakowie. Informujemy, \u017ce: Masz prawo do \u017c\u0105dania od administratora dost\u0119pu do Twoich danych&hellip; <br \/> <a class=\"read-more\" href=\"https:\/\/zse-2.krakow.pl\/index.php\/polityka-bezpieczenstwa\/\">Dowiedz si\u0119 wi\u0119cej<\/a><\/p>\n","protected":false},"author":1,"featured_media":6834,"parent":0,"menu_order":0,"comment_status":"closed","ping_status":"closed","template":"","meta":{"footnotes":""},"class_list":["post-6826","page","type-page","status-publish","has-post-thumbnail","hentry"],"_links":{"self":[{"href":"https:\/\/zse-2.krakow.pl\/index.php\/wp-json\/wp\/v2\/pages\/6826","targetHints":{"allow":["GET"]}}],"collection":[{"href":"https:\/\/zse-2.krakow.pl\/index.php\/wp-json\/wp\/v2\/pages"}],"about":[{"href":"https:\/\/zse-2.krakow.pl\/index.php\/wp-json\/wp\/v2\/types\/page"}],"author":[{"embeddable":true,"href":"https:\/\/zse-2.krakow.pl\/index.php\/wp-json\/wp\/v2\/users\/1"}],"replies":[{"embeddable":true,"href":"https:\/\/zse-2.krakow.pl\/index.php\/wp-json\/wp\/v2\/comments?post=6826"}],"version-history":[{"count":8,"href":"https:\/\/zse-2.krakow.pl\/index.php\/wp-json\/wp\/v2\/pages\/6826\/revisions"}],"predecessor-version":[{"id":6899,"href":"https:\/\/zse-2.krakow.pl\/index.php\/wp-json\/wp\/v2\/pages\/6826\/revisions\/6899"}],"wp:featuredmedia":[{"embeddable":true,"href":"https:\/\/zse-2.krakow.pl\/index.php\/wp-json\/wp\/v2\/media\/6834"}],"wp:attachment":[{"href":"https:\/\/zse-2.krakow.pl\/index.php\/wp-json\/wp\/v2\/media?parent=6826"}],"curies":[{"name":"wp","href":"https:\/\/api.w.org\/{rel}","templated":true}]}}

Polityka bezpieczeństwa

<p style="text-align: left;"><strong>INFORMACJA ADMINISTRATORA O PRZETWARZANIU DANYCH OSOBOWYCH</strong></p>
<p style="text-align: left;"><strong>Administratorem Twoich danych osobowych jest Zespół Szkół Ekonomicznych Nr 2, os. Spółdzielcze 6, 31-943 Kraków, tel. (12)643-77-88, e-mail: </strong><a href="mailto:zsek2@mjo.krakow.pl"><strong>zsek2@mjo.krakow.pl</strong></a></p>
<p style="text-align: left;">Twoje dane osobowe będą przetwarzane przez nas w celu realizacji usług świadczonych przez naszą placówkę ZSE Nr2 w Krakowie. <u>Informujemy, że:</u></p>
<ol style="text-align: left;">
<li>Masz prawo do żądania od administratora dostępu do Twoich danych osobowych, ich sprostowania, ograniczenia przetwarzania oraz prawo do przenoszenia danych. Jeżeli przetwarzanie danych odbywa się wyłącznie na podstawie Twojej zgody to masz prawo w dowolnym momencie wycofać udzieloną zgodę, przy czym jej wycofanie nie wpływa na zgodność z prawem przetwarzania, którego dokonano na podstawie tejże zgody przed jej wycofaniem</li>
<li>Dane osobowe będą przechowywane przez okres wynikający z przepisów prawa, w szczególności ustawy z dnia 14 lipca 1983 r. o narodowym zasobie archiwalnym i archiwach oraz rozporządzenia Prezesa Rady Ministrów z dnia 18 stycznia 2011 r. w sprawie instrukcji kancelaryjnej, jednolitych rzeczowych wykazów akt oraz instrukcji w sprawie organizacji  i zakresu działania archiwów zakładowych. W przypadku gdy przepisy prawa nie określają okresu przechowywania dotyczącego konkretnej kategorii spraw – dane będą przechowane przez czas potrzebny do realizacji celu, w którym zostały zebrane.</li>
<li>Masz prawo do wniesienia skargi do organu nadzorczego, którym jest Prezes Urzędu Ochrony Danych Osobowych z siedzibą w Warszawie.</li>
<li>Podanie danych osobowych wymaganych przepisami prawa jest warunkiem realizacji usług świadczonych przez naszą jednostkę.</li>
<li>Konsekwencją niepodania danych wymaganych przepisami prawa jest brak możliwości świadczenia przez nas usług.</li>
<li>Twoje dane osobowe będą przetwarzane na podstawie przepisów prawa, a w szczególnych przypadkach – na podstawie Twojej zgody albo w związku z wykonywaniem umowy, której jesteś stroną, w związku z art.6 ust. 1 rozporządzenia Parlamentu Europejskiego i Rady (UE) 2016/679 z dnia 27 kwietnia 2016 r. w sprawie ochrony osób fizycznych w związku z przetwarzaniem danych osobowych i w sprawie swobodnego przepływu takich danych oraz uchylenia dyrektywy 95/46/WE (RODO).</li>
</ol>
<p style="text-align: left;"><strong>Dane kontaktowe Inspektora Ochrony Danych: Anna Borowczak, email: </strong><a href="mailto:inspektor4@mjo.krakow.pl"><strong>inspektor4@mjo.krakow.pl</strong></a></p>
<p style="text-align: left;">Niniejsza informacja ma charakter ogólny. Szczegółowa informacja dotycząca przetwarzania danych osobowych oraz przysługujących w związku z tym praw, stanowiąca realizację obowiązku informacyjnego administratora, o którym mowa w art. 13 ust. 1 i 2 RODO, zostanie Państwu przekazana każdorazowo w związku z załatwieniem konkretnej sprawy.</p>
<p><img loading="lazy" decoding="async" class="aligncenter wp-image-6834 size-full" src="https://zse-2.krakow.pl/wp-content/uploads/2026/03/tbit-security-1202344_1280a.jpg" alt="" width="1280" height="425" srcset="https://zse-2.krakow.pl/wp-content/uploads/2026/03/tbit-security-1202344_1280a.jpg 1280w, https://zse-2.krakow.pl/wp-content/uploads/2026/03/tbit-security-1202344_1280a-300x100.jpg 300w, https://zse-2.krakow.pl/wp-content/uploads/2026/03/tbit-security-1202344_1280a-1024x340.jpg 1024w, https://zse-2.krakow.pl/wp-content/uploads/2026/03/tbit-security-1202344_1280a-768x255.jpg 768w" sizes="auto, (max-width: 1280px) 100vw, 1280px" /></p>
<p>&nbsp;</p>

<p>INFORMACJA ADMINISTRATORA O PRZETWARZANIU DANYCH OSOBOWYCH Administratorem Twoich danych osobowych jest Zespół Szkół Ekonomicznych Nr 2, os. Spółdzielcze 6, 31-943 Kraków, tel. (12)643-77-88, e-mail: zsek2@mjo.krakow.pl Twoje dane osobowe będą przetwarzane przez nas w celu realizacji usług świadczonych przez naszą placówkę ZSE Nr2 w Krakowie. Informujemy, że: Masz prawo do żądania od administratora dostępu do Twoich danych&hellip; <br /> <a class="read-more" href="https://zse-2.krakow.pl/index.php/polityka-bezpieczenstwa/">Dowiedz się więcej</a></p>
